ue
Is 4007371 a prime number?
False
Is 1582379 a composite number?
True
Is 502781 a composite number?
False
Is 1135513 prime?
True
Is 14461757 prime?
True
Is 281611 prime?
False
Is 702511 composite?
False
Is 2677447 prime?
True
Is 120749933 composite?
False
Is 16252283 prime?
False
Is 3333691 prime?
False
Is 122732695 a composite number?
True
Is 66663483 a prime number?
False
Is 167636033 prime?
True
Is 57706247 a prime number?
False
Is 278445715 composite?
True
Is 94429 composite?
True
Is 70093054 a prime number?
False
Is 226669589 prime?
True
Is 2266699 a composite number?
True
Is 528397 a prime number?
False
Is 2846651 a prime number?
False
Is 2424691 composite?
False
Is 1174543 a prime number?
False
Is 18833897 a composite number?
False
Is 4530473 a composite number?
True
Is 102649369 a prime number?
True
Is 168200671 prime?
True
Is 476741 a prime number?
False
Is 43239457 composite?
False
Is 262253569 a composite number?
False
Is 4182679 prime?
False
Is 1120558949 a composite number?
True
Is 807467 a composite number?
True
Is 220001 prime?
False
Is 19095367 prime?
False
Is 37416199 prime?
True
Is 1528171 composite?
False
Is 5502103 a prime number?
True
Is 150069343 a prime number?
True
Is 105630797 a composite number?
False
Is 38048207 prime?
True
Is 633923 prime?
True
Is 103294993 a composite number?
True
Is 757306363 prime?
False
Is 792598619 prime?
True
Is 19666709 composite?
False
Is 1209973 a composite number?
False
Is 160818191 composite?
True
Is 93350299 a composite number?
True
Is 12856891 composite?
False
Is 6948073 prime?
False
Is 4004659 prime?
True
Is 25091213 prime?
False
Is 45867191 a composite number?
False
Is 1466297 prime?
False
Is 719533 composite?
False
Is 53624893 a composite number?
True
Is 3299057 composite?
False
Is 275813 a prime number?
True
Is 23114093 prime?
True
Is 46820857 a prime number?
False
Is 3324331 a composite number?
True
Is 6311023 a prime number?
True
Is 2668649 prime?
False
Is 30402233 a prime number?
False
Is 2182391 a prime number?
False
Is 463941137 prime?
False
Is 11543326 prime?
False
Is 1318549 composite?
False
Is 175657541 a prime number?
False
Is 497449 composite?
False
Is 68381903 prime?
True
Is 66133 a composite number?
True
Is 2495599 composite?
False
Is 41870963 composite?
True
Is 728178293 a prime number?
False
Is 15954047 prime?
True
Is 5178857 composite?
False
Is 418006267 prime?
False
Is 5765689 a prime number?
False
Is 807964849 prime?
True
Is 442411 a prime number?
False
Is 154119191 composite?
False
Is 49657633 a composite number?
True
Is 5206543 a composite number?
True
Is 30105197 composite?
False
Is 86853253 a composite number?
True
Is 11972573 prime?
False
Is 8606729 composite?
False
Is 724895159 a composite number?
False
Is 3638893 composite?
True
Is 1310251 a prime number?
True
Is 2902171 a composite number?
False
Is 20410238 composite?
True
Is 71810723 a composite number?
False
Is 53275969 composite?
False
Is 2629537 composite?
False
Is 160740163 a composite number?
False
Is 130726579 a prime number?
False
Is 38792189 composite?
False
Is 29927243 a composite number?
False
Is 104147165 a composite number?
True
Is 196289 a composite number?
True
Is 45405361 composite?
False
Is 2080801 composite?
False
Is 1688899 a composite number?
True
Is 27869005 a composite number?
True
Is 26319521 a prime number?
False
Is 655159 a composite number?
True
Is 166968187 a prime number?
True
Is 57327439 prime?
False
Is 80049121 a composite number?
True
Is 487322681 a prime number?
True
Is 105194263 composite?
False
Is 241257253 composite?
True
Is 658663 a composite number?
False
Is 236100385 a prime number?
False
Is 129358127 composite?
False
Is 3778343 a prime number?
True
Is 376476511 a prime number?
True
Is 5126951 a prime number?
False
Is 429013157 prime?
True
Is 70352435 a composite number?
True
Is 24257603 a prime number?
True
Is 37456687 prime?
True
Is 4929301 a prime number?
False
Is 52517359 composite?
True
Is 1239699887 a prime number?
True
Is 22005883 a composite number?
True
Is 6290367 prime?
False
Is 927471 composite?
True
Is 4174847 a composite number?
False
Is 14053523 composite?
True
Is 136376477 composite?
False
Is 15225337 a composite number?
False
Is 171767 composite?
True
Is 49923451 a prime number?
True
Is 39002099 composite?
False
Is 15714941 composite?
True
Is 13118438 a composite number?
True
Is 2708909 a prime number?
False
Is 17239909 composite?
True
Is 3104414 a prime number?
False
Is 154818502 composite?
True
Is 36571387 composite?
False
Is 2467282 composite?
True
Is 762277 a prime number?
True
Is 70099 a prime number?
True
Is 6712099 a composite number?
True
Is 29654617 a prime number?
False
Is 3460307 a composite number?
False
Is 78762367 a composite number?
True
Is 10433629 prime?
False
Is 8600791 composite?
True
Is 6569677 a composite number?
False
Is 16729357 composite?
False
Is 705307 a prime number?
True
Is 6623531 a prime number?
True
Is 7271387 a prime number?
True
Is 6616931 a composite number?
False
Is 339501 prime?
False
Is 38474165 a composite number?
True
Is 8539779 prime?
False
Is 58648847 a prime number?
True
Is 77285047 composite?
True
Is 469193 a prime number?
True
Is 50601361 prime?
False
Is 100173 prime?
False
Is 337208939 a composite number?
False
Is 2243701 a prime number?
False
Is 8372621 a composite number?
True
Is 7139729 prime?
False
Is 67119473 a prime number?
False
Is 107373977 a composite number?
False
Is 21894673 a prime number?
False
Is 9089831 prime?
True
Is 72022073 a prime number?
True
Is 514025309 composite?
True
Is 19784561 prime?
False
Is 117280453 composite?
True
Is 5665949 a composite number?
False
Is 307337 a composite number?
False
Is 105800077 prime?
True
Is 17612861 composite?
True
Is 208189 composite?
False
Is 53473067 a composite number?
False
Is 10369637 prime?
True
Is 3303841 a composite number?
True
Is 154312753 a composite number?
True
Is 2101469 prime?
False
Is 2738674 a composite number?
True
Is 3144589 a prime number?
False
Is 23280443 a prime number?
False
Is 79153357 a composite number?
True
Is 68388553 a prime number?
True
Is 10626365 prime?
False
Is 21892109 a composite number?
False
Is 195363001 a composite number?
True
Is 176166997 composite?
True
Is 66591359 a composite number?
False
Is 63586969 prime?
True
Is 7926311 composite?
False
Is 36509503 prime?
True
Is 117861593 a prime number?
False
Is 887759 a composite number?
False
Is 42447779 a prime number?
False
Is 64866257 a composite number?
False
Is 12837359 a prime number?
False
Is 9604627 composite?
True
Is 740090347 a composite number?
True
Is 940391 composite?
True
Is 4952299 a prime number?
False
Is 6175573 a prime number?
False
Is 905160365 prime?
False
Is 8590157 composite?
True
Is 6858043 composite?
False
Is 6505991 a prime number?
True
Is 137048309 prime?
False
Is 23547071 a prime number?
True
Is 35141005 prime?
False
Is 7615351 a composite number?
False
Is 18045149 a prime number?
False
Is 289965643 composite?
True
Is 144653467 a prime number?
False
Is 3236807 composite?
True
Is 97384199 a prime number?
False
Is 1013143 a prime number?
True
Is 1437499 a prime number?
False
Is 26523907 a composite number?
False
Is 16980581 a composite number?
True
Is 8031109 a prime number?
False
Is 8256421 a composite number?
True
Is 106849121 composite?
True
Is 86372093 a composite number?
True
Is 1234310169 composite?
True
Is 5431121 a prime number?
True
Is 3149815 prime?
False
Is 16833161 prime?
True
Is 41575717 a composite number?
False
Is 21942419 a prime number?
False
Is 844261577 a prime number?
True
Is 175510669 a prime number?
False
Is 392167 a composite number?
True
Is 10862242 prime?
False
Is 4039367 a composite number?
False
Is 79445309 prime?
False
Is 320903707 a prime number?
False
Is 45626939 prime?
True
Is 22751647 composite?
False
Is 307575997 composite?
True
Is 2167609 prime?
True
Is 2851493 a composite number?
True
Is 11089669 a composite number?
False
Is 412457 a composite number?
False
Is 89681731 composite?
False
Is 28094831 prime?
False
Is 2618423 a composite number?
False
Is 67748071 a prime number?
True
Is 114097441 composite?
True
Is 3611287 composite?
False
Is 1925977 a prime number?
False
Is 124442831 composite?
True
Is 17713019 c